614
In base 4, what is 113010033123 - -332?
113010100121
In base 16, what is -53c6 + -193?
-5559
In base 12, what is -71 - 1ab0?
-1b61
In base 3, what is -2002122210 - 1001?
-2002200211
In base 8, what is -541 + 22442?
21701
In base 10, what is -19339 + -1706?
-21045
In base 5, what is -111442 + -3443202?
-4110144
In base 6, what is 10344 - -1435425?
1450213
In base 2, what is -11000100000011 - -10011000010?
-10110001000001
In base 8, what is 71624 - 24351?
45253
In base 12, what is -6 + -47aa5093?
-47aa5099
In base 6, what is 3 + -2122305232?
-2122305225
In base 6, what is 1513201543 - 3?
1513201540
In base 16, what is -e4e52 + 8?
-e4e4a
In base 16, what is -37a3d - -16?
-37a27
In base 3, what is -11 - -1001011021011?
1001011021000
In base 13, what is 7 + -8ab813?
-8ab809
In base 8, what is 22 + 7062105?
7062127
In base 6, what is 1324 + -355451?
-354123
In base 15, what is 11e + -100cb?
-eeac
In base 5, what is 23 + -330110241?
-330110213
In base 11, what is 39 + -6002850?
-6002812
In base 15, what is -6 - -70404?
703ed
In base 10, what is -42 + -525167?
-525209
In base 3, what is -22112 + 220100200?
220001011
In base 12, what is 593089 + -6?
593083
In base 5, what is -1404201211342 + -2?
-1404201211344
In base 14, what is -2 - 225935?
-225937
In base 8, what is 45341 - -424?
45765
In base 7, what is 11 + -556603140?
-556603126
In base 16, what is -cb9 - -8eb2?
81f9
In base 12, what is -318b2 + 584?
-3132a
In base 14, what is c266 + -57?
c20d
In base 13, what is -11222b088 + -3?
-11222b08b
In base 16, what is -7 + -143f18e?
-143f195
In base 6, what is -3342334122 - -3?
-3342334115
In base 7, what is 33601 - 6062?
24506
In base 13, what is -1c - -25a508?
25a4b9
In base 2, what is 10011011100110 + 10010000110?
10101101101100
In base 16, what is 28bf7 + -7?
28bf0
In base 16, what is -7a8 - 5c36?
-63de
In base 7, what is -4 + -420111001?
-420111005
In base 16, what is 7fb + 1ea1?
269c
In base 5, what is -331333030 + 1040?
-331331440
In base 15, what is -6 + -670a5?
-670ab
In base 3, what is -1122010221021 + 102?
-1122010220212
In base 6, what is -5130455 + 15052?
-5111403
In base 10, what is -13 + -469282?
-469295
In base 4, what is 20200133 - 101303?
20032230
In base 9, what is -76663 + 1610?
-75053
In base 7, what is -2 - 51434003?
-51434005
In base 16, what is 70885 - 12?
70873
In base 9, what is 38016 - -10003?
48020
In base 9, what is -602053524 + -2?
-602053526
In base 6, what is 2125014 + 30?
2125044
In base 2, what is -1 + 1111011100011010110111?
1111011100011010110110
In base 6, what is 24543 + 31514?
100501
In base 8, what is -371741 + 142?
-371577
In base 9, what is -3374 + -21441?
-24825
In base 13, what is 197a7973 + 5?
197a7978
In base 11, what is a126 + a85?
10100
In base 2, what is -110111111000000 - -1111100100?
-110101111011100
In base 16, what is 86c + 9d2?
123e
In base 11, what is -21a39 + -235?
-22173
In base 7, what is -1421240443 + 3?
-1421240440
In base 14, what is -16 + a9181?
a9169
In base 7, what is -3 - 112016142?
-112016145
In base 3, what is -1021202 + 101201012001?
101122220022
In base 4, what is 131 + -2211111000302?
-2211111000111
In base 2, what is 111100000101000011011 + -101?
111100000101000010110
In base 14, what is 2 - 77822d?
-77822b
In base 16, what is -1e067f - -2?
-1e067d
In base 8, what is 23 - -21705511?
21705534
In base 10, what is -85714 - -1614?
-84100
In base 16, what is 17061 - -3f?
170a0
In base 5, what is 0 - -20243034300?
20243034300
In base 8, what is 104655 + 407?
105264
In base 12, what is 19ba97 - 1b?
19ba78
In base 3, what is 2 - -12121112001120?
12121112001122
In base 6, what is 5454 + 132435?
142333
In base 5, what is 2023032322403 + -10?
2023032322343
In base 15, what is -e8b + -63e7?
-7383
In base 8, what is -2064204 - 3?
-2064207
In base 12, what is -5baa5 + -7?
-5bab0
In base 16, what is -5 + 557cad?
557ca8
In base 4, what is -1013313321 - -21?
-1013313300
In base 5, what is 13200211 + 23113?
13223324
In base 5, what is -234004041 + -2?
-234004043
In base 5, what is 1130444034 + -203?
1130443331
In base 8, what is 23 + 2546055?
2546100
In base 13, what is -11 + 44434c?
44433b
In base 15, what is -91dab + -1?
-91dac
In base 11, what is -263 - 4553?
-4806
In base 7, what is 530350620 - 0?
530350620
In base 14, what is -21 - 155744?
-155765
In base 4, what is -1301212101 - 21?
-1301212122
In base 15, what is -1c06d6 + 45?
-1c0691
In base 6, what is 32224 - 515201?
-442533
In base 12, what is 77 + -17424?
-17369
In base 15, what is -4a0a4a1a - 1?
-4a0a4a1b
In base 11, what is -7 - -497a90?
497a84
In base 3, what is 2 - 2020211112120211?
-2020211112120202
In base 8, what is 5 + 1107642452?
1107642457
In base 9, what is -10 - 878315?
-878325
In base 15, what is 80668 + -1408?
7e260
In base 6, what is -25215005 + -352?
-25215401
In base 6, what is 0 + -1153142244?
-1153142244
In base 16, what is -858b + -53c?
-8ac7
In base 15, what is 4a33 + -ecc?
3a56
In base 3, what is -211001120011020 + -11?
-211001120011101
In base 13, what is -78b2 + aa47?
3165
In base 15, what is 51 - -16c769?
16c7ba
In base 9, what is 1727 + 11075?
12813
In base 16, what is -9 + -55668?
-55671
In base 9, what is -737580 + -17?
-737607
In base 15, what is 19d0221a + -4?
19d02216
In base 7, what is 3466 - -1040641?
1044440
In base 8, what is -10414772 - -1?
-10414771
In base 10, what is 3108 + -52706?
-49598
In base 9, what is -110654 + 100?
-110554
In base 16, what is 1d0 - 1cba?
-1aea
In base 6, what is -14213520 + -104?
-14214024
In base 15, what is 279a + -3dd?
23ac
In base 4, what is -120332030 - 3012?
-121001102
In base 16, what is 9289cb - 1?
9289ca
In base 10, what is -7109773 + -4?
-7109777
In base 13, what is -3 + -c53374?
-c53377
In base 3, what is -10212021111 - 12002?
-10212110120
In base 13, what is 2a379 - -39?
2a3b5
In base 7, what is -1433 + -142324?
-144060
In base 11, what is 228147 - -81?
228218
In base 9, what is -3 - 14056218?
-14056222
In base 13, what is -4acb0 - -5a?
-4ac53
In base 9, what is 58844 - 13152?
45682
In base 14, what is ab - a491?
-a3c4
In base 6, what is -3005252413 - 4?
-3005252421
In base 4, what is 133031 - 132322?
103
In base 3, what is 10110 + -1010022200?
-1010012020
In base 4, what is 13131121021213 + 1?
13131121021220
In base 15, what is 7 - 83177b?
-831774
In base 16, what is 28db - -17fb?
40d6
In base 9, what is -387084 + -348?
-387443
In base 8, what is 6024752 - -1306?
6026260
In base 2, what is -100 - 11110011000101000001011011?
-11110011000101000001011111
In base 11, what is -418 - 3922?
-423a
In base 13, what is 10 - 420989?
-420979
In base 9, what is -66701 + -88?
-66800
In base 15, what is 2db69 - -a2a?
2e694
In base 10, what is -6370238 + -10?
-6370248
In base 14, what is -3c4 - -219b?
1bb7
In base 13, what is -2018 + 39c2?
19a7
In base 5, what is 1222431111 - -4?
1222431120
In base 4, what is -33120 - -22323?
-10131
In base 8, what is -307545066 + -2?
-307545070
In base 9, what is 5827 - 30560?
-23632
In base 6, what is -340454 - 151?
-341045
In base 2, what is -1001100111110000110 - -110?
-1001100111110000000
In base 2, what is -10110011100110001110110 + 101?
-10110011100110001110001
In base 11, what is 3094 - -a123?
12207
In base 16, what is -2e8 - 16bd9e?
-16c086
In base 11, what is 2 + -2055807?
-2055805
In base 6, what is 4110 - -53205?
101315
In base 13, what is 4b817 + -123b?
4a5a9
In base 4, what is 22230300 + 3301?
22300201
In base 15, what is -8d3e1 - 44?
-8d435
In base 11, what is -162 - 25a089?
-25a240
In base 9, what is -161635787 - -13?
-161635774
In base 3, what is 12 + 21121100200100?
21121100200112
In base 12, what is -8557 + -674?
-900b
In base 4, what is 221203 + -122120010?
-121232201
In base 14, what is 9612a7 + -2?
9612a5
In base 9, what is 84 - -63326?
63421
In base 3, what is 20210111110 - 10001220?
20200102120
In base 8, what is -30230717 + -3?
-30230722
In base 16, what is -9 + -173218?
-173221
In base 14, what is 9b867 + 14b?
9b9b4
In base 5, what is -4340 - -14202112?
14142222
In base 16, what is -5734 + 222?
-5512
In base 2, what is -10100 + -10110010111011001011?
-10110010111011011111
In base 2, what is 101 + 11101010101110001111100?
11101010101110010000001
In base 13, what is -3 + -3305a12?
-3305a15
In base 3, what is -10 - 10